 + 0*j = 90. Let h be (-196)/(-9) - 4/j. Suppose h = 5*l - 8. What is the units digit of l?
6
Let f = -51 - -105. Suppose 0 = 5*j - 4*y - f, 0 = j + 2*y - 8. What is the tens digit of j?
1
Suppose 32 = -x + 3*x - 3*t, 5*t = 4*x - 64. What is the tens digit of (0 - -2)/(x/152)?
1
Let v = 13 + -7. Let x(d) = d**3 - 5*d**2 - 5*d + 9. What is the units digit of x(v)?
5
Let m = 6 + -2. Suppose -3*l = 2*d - 19, -37 = -5*d + m*l + 45. What is the units digit of d?
4
Let n = 9 + -7. Suppose -t - z + 5 = 0, n*z = 4*t - 12 - 2. What is the units digit of t?
4
Suppose -d = 2 - 16. Suppose -3*y = -122 + d. What is the units digit of y?
6
Let o be ((-1 - 12) + 0)*-1. Let k = 36 - o. What is the tens digit of k?
2
Let h(v) = 193*v**2 + 2*v + 1. Let g be h(-1). Suppose 0*f - 3*u = 2*f - 101, -4*f + g = -4*u. Let p = -30 + f. What is the tens digit of p?
1
Suppose 4*k = 2*a + 38, -5*a + 6*k - 3*k - 60 = 0. Let u be 8/(-1)*6/8. Let n = u - a. What is the units digit of n?
3
Let f = -82 - -116. What is the tens digit of f?
3
Let f(a) be the third derivative of -a**6/120 + a**5/15 - a**3/3 - 2*a**2. Let t be f(2). Suppose t*w - 12 = 4*w. What is the units digit of w?
6
Let x(f) = f**3 + 4*f**2 + 4*f. Let t be x(-3). Let r = 0 - t. Suppose 6 = 6*y - r*y. What is the units digit of y?
2
Let t = -7 + 19. Suppose x = 5*x - t. What is the units digit of x?
3
What is the units digit of -1 + -3 + (-156)/(-2)?
4
Let v = -12 - -20. Suppose 6*c = 8*c - v. What is the units digit of c?
4
Suppose -126 = -3*d + 60. What is the units digit of (d/4)/((-7)/(-14))?
1
What is the tens digit of (40/16)/(1/18)?
4
Suppose 0 = 2*p - 3*p + 32. Let v = p + -22. Suppose -3*l + o + v = 0, 0 = -0*l + 3*l + o - 8. What is the units digit of l?
3
Suppose 0 = -v + x - 7, 0 = v - 0*x + 2*x - 8. What is the tens digit of (9/12)/(v/(-32))?
1
Let j(z) = -z - 7. Let f be j(-5). Let t(n) = n**3 + 24*n**2 + 25*n + 50. Let y be t(-23). Let k = y + f. What is the units digit of k?
2
Let f(n) = -3*n + 4. Let h be f(6). Let d = h + 31. What is the tens digit of d?
1
Let p = 2 + -1. Suppose p = -w + 9. What is the units digit of w?
8
Let f = 1 + 4. Let x = f - 7. Let i(q) = -q**3 - q. What is the tens digit of i(x)?
1
What is the units digit of (3 - 3)/(-3) - -3?
3
Let k(f) be the first derivative of -f**3/3 - f**2/2 + 4*f + 1. Let t be k(0). What is the units digit of (1 + (-2)/t)*26?
3
Suppose 0 = 4*x - 430 + 114. What is the tens digit of x?
7
Suppose 0 = 6*i - 2*i + 3*c - 9, -12 = 5*i - 4*c. Let p be 1 + 0 - -30 - i. Suppose -10 + p = 3*r + a, -2*r = -a - 9. What is the units digit of r?
6
Suppose -5*r - 6 = p - 1, 1 = -r. What is the tens digit of (0 - -17) + (-1 - p)?
1
What is the units digit of 360/35*(-56)/(-6)?
6
What is the units digit of -1 + 32 + (5 - 3)?
3
Suppose 4*s = 2*s + 580. What is the tens digit of s?
9
Let t be (0 - -21) + -2 + 2. What is the units digit of (-4)/(-14) - (-36)/t?
2
Let p be (-75)/6*18/(-15). Let x = p - 0. What is the tens digit of x?
1
What is the tens digit of ((-21)/9)/((-8)/96)?
2
Let u(b) = -b - 10. What is the units digit of u(-12)?
2
Let m(z) = -4*z**2 + 4*z - 4. Let f(o) = -3*o**2 + 4*o - 3. Let s(t) = -3*f(t) + 2*m(t). Let p be (-2)/(-5) + (-23)/(-5). What is the units digit of s(p)?
6
Let x = -18 + 33. What is the tens digit of x?
1
Suppose -2*f - 21 = 2*x - 163, -x + 3*f + 87 = 0. What is the tens digit of x?
7
Let g(f) be the first derivative of -f**3/3 - 2*f**2 - 2. Let i be g(-5). What is the units digit of 5/(-10)*(i - 1)?
3
Let d(k) = 2*k**2 - 43*k - 34. What is the units digit of d(27)?
3
Suppose 0 = -2*u - 2*u + 96. Suppose -4*l - 4*b = -l - u, -2*l + 3*b - 1 = 0. What is the units digit of l?
4
Let u = -7 - -17. Suppose u = g - 27. What is the tens digit of g?
3
Let f(s) = 2*s**2 + 7*s + 3. Let q be -8 + (-1 + 2 - -2). What is the units digit of f(q)?
8
Let n be -3*1 + (-10)/(-2). Suppose -k - 16 = -n*k - q, -5*k + 68 = -q. What is the tens digit of k?
1
Let g = -16 - -4. Let n = 28 + g. What is the tens digit of n?
1
Let x = -2 - -7. Suppose -4*p + 32 = 4*v, -6 - x = -2*p - 3*v. What is the tens digit of p?
1
Let v be 2/6 - (-23)/3. Suppose -5 - v = -w + m, -3*m - 26 = -2*w. What is the units digit of w?
3
Suppose 0 = -l - l + 4. Let x be 2*1*2/2. Suppose -x*p - v + 17 = l*v, -4*v + 4 = 0. What is the units digit of p?
7
Let a(q) = -3*q + 8. What is the tens digit of a(-3)?
1
Let x(w) = w + 1. Let m(n) = n**2 - 10*n + 19. Let c(h) = -m(h) + 4*x(h). Let o(g) = -g**3 - 11*g**2 + 11. Let u be o(-11). What is the units digit of c(u)?
8
Let x(h) = -7*h**2 + 5*h + 12. Let v(q) = -6*q**2 + 4*q + 11. Let y be -1*(-18)/(-3) + 1. Let c(m) = y*x(m) + 6*v(m). What is the units digit of c(0)?
6
Suppose 4*g - 2*g = -x - 11, -g - 3 = -2*x. Let f = x + 17. What is the tens digit of f?
1
Let n = 18 - 10. Let i = n + -5. What is the units digit of i?
3
Let h = 52 + -16. What is the units digit of h?
6
Let v = 370 - 214. What is the units digit of v?
6
Let x(a) = 2*a**2 - a + 2. Let j be x(2). Let g(w) be the second derivative of -w**4/12 + 4*w**3/3 + 3*w**2/2 - w. What is the units digit of g(j)?
3
Let o(j) be the third derivative of j**4/12 - 2*j**3/3 - j**2. Let a be (-24)/3*(-7)/14. What is the units digit of o(a)?
4
Let y = 35 + -5. Let u = y - 18. What is the tens digit of u?
1
Suppose 0 = -3*w + 5*w. Suppose w = -5*s - 5*d + 70, 3*s + 2 = 2*d + 59. What is the tens digit of s?
1
Let s(t) = -t**2 + 7*t - 4. Let i(y) = -y**2 + 8*y - 7. Let l be i(6). Let n = 0 + l. What is the units digit of s(n)?
6
Let b be 3/((-9)/6) + 6. Let p(c) = 2*c - 7. Let k be p(6). Suppose k*o = -a, b*o = 4*a - 22 - 2. What is the units digit of a?
5
Suppose 3*c - 12 = -2*l + 7*c, -5*l + 16 = -3*c. Let t(x) be the first derivative of x**3/3 + x**2 - 2*x + 2. What is the units digit of t(l)?
6
Suppose 0 = -2*p - 3*f + 41, -2*p + 2*f + 11 = -15. What is the tens digit of p?
1
Let g = 7 + -7. Suppose -3*d - 6 = 0, 2*o + o - 2*d - 22 = g. What is the units digit of o?
6
Suppose j = -2*j - 6, 5*h + 4*j = 32. Let o = h - 3. What is the units digit of o?
5
Suppose 0 = 8*w - 6*w - 28. What is the units digit of w?
4
Let r = 0 - -2. Suppose 0 = -0*x + r*x. Suppose p = x, -3*a + a - 2*p + 10 = 0. What is the units digit of a?
5
Let g(l) = 28*l**2 - 2*l - 1. What is the tens digit of g(-1)?
2
Suppose -o - 7 = -2*o. What is the units digit of o?
7
Let g(h) = -h + 4. Let c = -4 + 4. Let w be g(c). Suppose -3*q - 26 = -5*s, w*q - 3*q + 14 = 3*s. What is the units digit of s?
4
Let m = -22 + 24. Suppose 0 = -f - m*f + 75. What is the tens digit of f?
2
Let j be 166/10 + (-6)/10. Suppose -3*t - 4 = -j. Suppose -64 = -t*v - 0*v. What is the units digit of v?
6
Suppose p + 0*b = -5*b + 276, 4*b = -4*p + 1152. What is the units digit of p?
1
Let s(k) = k**3 + 7*k**2 + k + 9. Let t be s(-7). Suppose 37 = 4*r + t*b - 3*b, 0 = -4*r + 2*b + 34. What is the units digit of r?
0
Let s = 20 - -167. What is the hundreds digit of s?
1
Let p(m) = -37*m**3 - 2*m - 1. What is the tens digit of p(-1)?
3
Let p(i) = 7*i**2 + 1. What is the units digit of p(2)?
9
Let q(l) = -l + 9. Let t be q(7). What is the units digit of 1*(3 - t - -2)?
3
Let r be 3/((2 - 1)*1). Suppose -3 = -5*f - 4*q + q, 0 = r*f - 2*q + 2. Suppose f*s + s + 42 = 5*h, s = -3*h + 22. What is the units digit of h?
8
Let c be (-164)/(-8) + (-1)/2. Suppose w + c = -w. Let a = w + 17. What is the units digit of a?
7
Let v(t) = t**2 - 8*t + 11. Suppose s - 3*d = d + 5, 0 = 2*s - 2*d - 16. What is the tens digit of v(s)?
2
Suppose 9 = t - 2*t. Let r = 1 + t. What is the units digit of r/(6/(-3)) + 1?
5
Suppose -4*h + 40 - 12 = 0. Let q = 12 - h. What is the units digit of q?
5
Let w be 2/(3*(-4)/6). What is the units digit of w/(-4) - 140/(-16)?
9
Let r(i) = 15*i**2 + 2*i + 1. Let x be r(-1). Suppose -3*m + 13 + x = 2*j, m - 23 = -3*j. What is the units digit of j?
6
Let d = 80 - 35. What is the units digit of d?
5
Suppose 19 = 3*q + 4. Suppose q*t + 25 = 0, -2*m - t = t + 2. Suppose 3*v = -3*d + 24, 5*d - 33 = -m*v + 4. What is the units digit of v?
3
Let t(u) = -u**3 - 8*u**2 - 7*u - 8. Let n be t(-7). Let d(r) = r**2 + 7*r - 3. Let q be d(n). Let o = q + 3. What is the units digit of o?
8
Let w(o) = 10 + 3*o + 4*o - 6*o**2 + 5*o**2 - 15. Let c(q)